{"id":2478,"date":"2013-11-13T21:36:57","date_gmt":"2013-11-13T21:36:57","guid":{"rendered":"http:\/\/ddessinparis.fr\/2015\/?page_id=2478"},"modified":"2022-03-08T11:35:24","modified_gmt":"2022-03-08T11:35:24","slug":"presse","status":"publish","type":"page","link":"https:\/\/ddessinparis.com\/2021\/presse\/","title":{"rendered":"PRESSE"},"content":{"rendered":"<div id='av_section_1'  class='avia-section header_color avia-section-default avia-no-shadow  avia-bg-style-scroll  avia-builder-el-0  el_before_av_section  avia-builder-el-first   container_wrap sidebar_right' style='background-color: #00ccff;  '  ><div class='container' ><main  role=\"main\" itemprop=\"mainContentOfPage\"  class='template-page content  av-content-small alpha units'><div class='post-entry post-entry-type-page post-entry-2478'><div class='entry-content-wrapper clearfix'>\n<div class=\"flex_column av_two_fifth  flex_column_div first  avia-builder-el-1  el_before_av_one_fourth  avia-builder-el-first  \" ><section class=\"av_textblock_section \"  itemscope=\"itemscope\" itemtype=\"https:\/\/schema.org\/CreativeWork\" ><div class='avia_textblock  '   itemprop=\"text\" ><h2>RELATIONS AVEC LA PRESSE<\/h2>\n<p>Edition DDESSINPARIS &#8211; <span id=\"OBJ_PREFIX_DWT316_com_zimbra_date\" class=\"Object\">20\/22 MAI 2022<br \/>\n<\/span><\/p>\n<h4>Anne-Sophie Bertrand &#8211; Maison Gersaint<\/h4>\n<p>Mob. : +33 (0)6 31 16 15 48<\/p>\n<p><a href=\"mailto:annesophie@maisongersaint.com\"><span id=\"OBJ_PREFIX_DWT317_com_zimbra_email\" class=\"Object-hover\">annesophie@maisongersaint.com<br \/>\n<\/span><\/a><\/p>\n<p>Visuels disponibles sur demande<\/p>\n<\/div><\/section><\/div><div class=\"flex_column av_one_fourth  flex_column_div av-zero-column-padding   avia-builder-el-3  el_after_av_two_fifth  el_before_av_one_fourth  \" style='border-radius:0px; '><p><div  class='avia-button-wrap avia-button-center  avia-builder-el-4  el_before_av_textblock  avia-builder-el-first ' ><a href='https:\/\/ddessinparis.com\/2021\/wp-content\/uploads\/2021\/06\/QDA-HorsSerie_2021-06-07.pdf'  class='avia-button  avia-color-light   avia-icon_select-no avia-size-medium avia-position-center '  target=\"_blank\"  rel=\"noopener noreferrer\"  ><span class='avia_iconbox_title' >T\u00e9l\u00e9chargez le dossier sp\u00e9cial du Quotidien de l\u2019Art<\/span><\/a><\/div><br \/>\n<section class=\"av_textblock_section \"  itemscope=\"itemscope\" itemtype=\"https:\/\/schema.org\/CreativeWork\" ><div class='avia_textblock  '   itemprop=\"text\" ><h4 style=\"text-align: center;\"><a href=\"https:\/\/ddessinparis.com\/2021\/wp-content\/uploads\/2021\/06\/QDA-HorsSerie_2021-06-07.pdf\"><img loading=\"lazy\" class=\"alignnone wp-image-7231 size-full\" src=\"https:\/\/ddessinparis.com\/2021\/wp-content\/uploads\/2021\/06\/QDA-HorsSerie_2021-06-07.png\" alt=\"\" width=\"300\" height=\"424\" srcset=\"https:\/\/ddessinparis.com\/2021\/wp-content\/uploads\/2021\/06\/QDA-HorsSerie_2021-06-07.png 300w, https:\/\/ddessinparis.com\/2021\/wp-content\/uploads\/2021\/06\/QDA-HorsSerie_2021-06-07-212x300.png 212w\" sizes=\"(max-width: 300px) 100vw, 300px\" \/><\/a><\/h4>\n<\/div><\/section><\/p><\/div><div class=\"flex_column av_one_fourth  flex_column_div av-zero-column-padding   avia-builder-el-6  el_after_av_one_fourth  avia-builder-el-last  \" style='border-radius:0px; '><p><div  class='avia-button-wrap avia-button-center  avia-builder-el-7  el_before_av_textblock  avia-builder-el-first ' ><a href='https:\/\/ddessinparis.com\/2021\/wp-content\/uploads\/2021\/05\/DDESSIN21_Dossier_de_presse.pdf'  class='avia-button  avia-color-light   avia-icon_select-no avia-size-medium avia-position-center '  target=\"_blank\"  rel=\"noopener noreferrer\"  ><span class='avia_iconbox_title' >T\u00e9l\u00e9chargez le dossier de presse JUIN 2021<\/span><\/a><\/div><br \/>\n<section class=\"av_textblock_section \"  itemscope=\"itemscope\" itemtype=\"https:\/\/schema.org\/CreativeWork\" ><div class='avia_textblock  '   itemprop=\"text\" ><h4 style=\"text-align: center;\"><a href=\"https:\/\/ddessinparis.com\/2021\/wp-content\/uploads\/2021\/05\/DDESSIN21_Dossier_de_presse.pdf\"><img loading=\"lazy\" class=\"alignnone wp-image-7217 size-full\" src=\"https:\/\/ddessinparis.com\/2021\/wp-content\/uploads\/2021\/05\/DDESSIN21_Dossier_de_presse.jpg\" alt=\"\" width=\"300\" height=\"424\" srcset=\"https:\/\/ddessinparis.com\/2021\/wp-content\/uploads\/2021\/05\/DDESSIN21_Dossier_de_presse.jpg 300w, https:\/\/ddessinparis.com\/2021\/wp-content\/uploads\/2021\/05\/DDESSIN21_Dossier_de_presse-212x300.jpg 212w\" sizes=\"(max-width: 300px) 100vw, 300px\" \/><\/a><\/h4>\n<\/div><\/section><\/p><\/div><\/div><\/div><\/main><!-- close content main element --><\/div><\/div><div id='av_section_2'  class='avia-section header_color avia-section-default avia-no-shadow  avia-bg-style-scroll  avia-builder-el-9  el_after_av_section  avia-builder-el-last   container_wrap sidebar_right' style='background-color: #ffffff;  '  ><div class='container' ><div class='template-page content  av-content-small alpha units'><div class='post-entry post-entry-type-page post-entry-2478'><div class='entry-content-wrapper clearfix'>\n<div class=\"flex_column av_one_half  flex_column_div first  avia-builder-el-10  el_before_av_one_half  avia-builder-el-first  \" ><section class=\"av_textblock_section \"  itemscope=\"itemscope\" itemtype=\"https:\/\/schema.org\/CreativeWork\" ><div class='avia_textblock  '   itemprop=\"text\" ><h2>T\u00e9l\u00e9chargements<\/h2>\n<p><a href=\"https:\/\/ddessinparis.com\/2021\/wp-content\/uploads\/2021\/06\/DDessin21_CPLAUREATS062021.pdf\" target=\"_blank\" rel=\"noopener\"><span style=\"color: #808080;\"><strong><span style=\"color: #808080;\">Juin 2021<\/span> <span style=\"color: #00ccff;\">&#8211;<\/span><\/strong><\/span><span style=\"color: #00ccff;\"> Communiqu\u00e9 de Presse LAUR\u00c9ATE PRIX DDESSINPARIS 2021<\/span><\/a><\/p>\n<p><a href=\"https:\/\/ddessinparis.com\/2021\/wp-content\/uploads\/2021\/04\/DDessin21_CP042021_OK.pdf\" target=\"_blank\" rel=\"noopener\"><span style=\"color: #808080;\"><strong><span style=\"color: #808080;\">Avril 2021<\/span> <span style=\"color: #00ccff;\">&#8211;<\/span><\/strong><\/span><span style=\"color: #00ccff;\"> Communiqu\u00e9 de Presse DDESSINPARIS 2021<\/span><\/a><\/p>\n<p><a href=\"https:\/\/ddessinparis.com\/2021\/wp-content\/uploads\/2021\/01\/DDessin21_CP012021.pdf\" target=\"_blank\" rel=\"noopener\"><span style=\"color: #808080;\"><strong><span style=\"color: #808080;\">Janvier 2021<\/span> <span style=\"color: #00ccff;\">&#8211;<\/span><\/strong><\/span><span style=\"color: #00ccff;\"> Communiqu\u00e9 de Presse DDESSINPARIS 2021<\/span><\/a><\/p>\n<\/div><\/section><br \/>\n<div  style='height:10px' class='hr hr-invisible   avia-builder-el-12  el_after_av_textblock  avia-builder-el-last '><span class='hr-inner ' ><span class='hr-inner-style'><\/span><\/span><\/div><\/p><\/div><div class=\"flex_column av_one_half  flex_column_div av-zero-column-padding   avia-builder-el-13  el_after_av_one_half  avia-builder-el-last  \" style='border-radius:0px; '><section class=\"av_textblock_section \"  itemscope=\"itemscope\" itemtype=\"https:\/\/schema.org\/CreativeWork\" ><div class='avia_textblock  '   itemprop=\"text\" ><h2>Podcasts<\/h2>\n<h3><span style=\"color: #00ccff;\">DDESSIN {16}<span style=\"color: #000000;\"> \u2022 FRANCE CULTURE<\/span><\/span> \u2013 <span class=\"title-emission\">Les Carnets de la cr\u00e9ation \/ Aude Lavigne<br \/>\n<\/span>Dessins trac\u00e9s \u00e0 la mine de plomb et installation immersive de Fran\u00e7ois R\u00e9au, Coup de Coeur 2016 d\u2019Eve de Medeiros.<\/h3>\n<h3><\/h3>\n<\/div><\/section><br \/>\n<div  class='avia-button-wrap avia-button-left  avia-builder-el-15  el_after_av_textblock  el_before_av_hr ' ><a href='https:\/\/www.franceculture.fr\/player\/export-reecouter?content=024eec92-64f7-46de-ae58-55c6e0d25cb5' class='avia-button  avia-color-theme-color   avia-icon_select-no avia-size-small avia-position-left ' target=\"_blank\" rel=\"noopener noreferrer\"><span class='avia_iconbox_title' >\u00c9COUTER LE PODCAST<\/span><\/a><\/div><br \/>\n<div  style='height:10px' class='hr hr-invisible   avia-builder-el-16  el_after_av_button  el_before_av_textblock '><span class='hr-inner ' ><span class='hr-inner-style'><\/span><\/span><\/div><br \/>\n<section class=\"av_textblock_section \"  itemscope=\"itemscope\" itemtype=\"https:\/\/schema.org\/CreativeWork\" ><div class='avia_textblock  '   itemprop=\"text\" ><h3><span style=\"color: #00ccff;\">DDESSIN {17}<\/span> \u2022 FRANCE CULTURE \u2013 <span class=\"title-emission\">Les Carnets de la cr\u00e9ation \/ Aude Lavigne<br \/>\n<\/span>Rencontre avec Marie Havel, dessinatrice, laur\u00e9ate du prix DDESSIN {17} et du salon de dessin de Montpellier 17<\/h3>\n<h3><\/h3>\n<\/div><\/section><br \/>\n<div  class='avia-button-wrap avia-button-left  avia-builder-el-18  el_after_av_textblock  avia-builder-el-last ' ><a href='https:\/\/www.franceculture.fr\/player\/export-reecouter?content=4eeb0b6b-41cf-4b88-a9f3-19fe723580f3' class='avia-button  avia-color-theme-color   avia-icon_select-no avia-size-small avia-position-left ' target=\"_blank\" rel=\"noopener noreferrer\"><span class='avia_iconbox_title' >\u00c9COUTER LE PODCAST<\/span><\/a><\/div><\/p><\/div>\n<\/div><\/div><\/div><!-- close content main div --><\/div><\/div><div id='after_section_2'  class='main_color av_default_container_wrap container_wrap sidebar_right' style=' '  ><div class='container' ><div class='template-page content  av-content-small alpha units'><div class='post-entry post-entry-type-page post-entry-2478'><div class='entry-content-wrapper clearfix'><\/p>\n","protected":false},"excerpt":{"rendered":"","protected":false},"author":1,"featured_media":0,"parent":0,"menu_order":0,"comment_status":"closed","ping_status":"closed","template":"","meta":[],"_links":{"self":[{"href":"https:\/\/ddessinparis.com\/2021\/wp-json\/wp\/v2\/pages\/2478"}],"collection":[{"href":"https:\/\/ddessinparis.com\/2021\/wp-json\/wp\/v2\/pages"}],"about":[{"href":"https:\/\/ddessinparis.com\/2021\/wp-json\/wp\/v2\/types\/page"}],"author":[{"embeddable":true,"href":"https:\/\/ddessinparis.com\/2021\/wp-json\/wp\/v2\/users\/1"}],"replies":[{"embeddable":true,"href":"https:\/\/ddessinparis.com\/2021\/wp-json\/wp\/v2\/comments?post=2478"}],"version-history":[{"count":123,"href":"https:\/\/ddessinparis.com\/2021\/wp-json\/wp\/v2\/pages\/2478\/revisions"}],"predecessor-version":[{"id":7279,"href":"https:\/\/ddessinparis.com\/2021\/wp-json\/wp\/v2\/pages\/2478\/revisions\/7279"}],"wp:attachment":[{"href":"https:\/\/ddessinparis.com\/2021\/wp-json\/wp\/v2\/media?parent=2478"}],"curies":[{"name":"wp","href":"https:\/\/api.w.org\/{rel}","templated":true}]}}