{"id":6403,"date":"2020-01-11T15:15:16","date_gmt":"2020-01-11T15:15:16","guid":{"rendered":"http:\/\/ddessinparis.fr\/2020\/?page_id=6403"},"modified":"2021-05-28T12:04:01","modified_gmt":"2021-05-28T12:04:01","slug":"partenaires-2021","status":"publish","type":"page","link":"https:\/\/ddessinparis.com\/2021\/partenaires-2021\/","title":{"rendered":"PARTENAIRES 2021"},"content":{"rendered":"<div id='av_section_1'  class='avia-section main_color avia-section-default avia-no-shadow  avia-bg-style-fixed  avia-builder-el-0  el_before_av_section  avia-builder-el-first   container_wrap sidebar_right' style='background-repeat: repeat-x; background-image: url(https:\/\/ddessinparis.com\/2021\/wp-content\/uploads\/2021\/04\/MOLIERE-25-1500x430.jpg);background-attachment: fixed; background-position: top center;  '  data-section-bg-repeat='repeat-x'><div class='container' ><main  role=\"main\" itemprop=\"mainContentOfPage\"  class='template-page content  av-content-small alpha units'><div class='post-entry post-entry-type-page post-entry-6403'><div class='entry-content-wrapper clearfix'>\n<\/div><\/div><\/main><!-- close content main element --><\/div><\/div><div id='av_section_2'  class='avia-section header_color avia-section-default avia-no-shadow  avia-bg-style-scroll  avia-builder-el-1  el_after_av_section  el_before_av_one_third   container_wrap sidebar_right' style='background-color: #ffffff;  '  ><div class='container' ><div class='template-page content  av-content-small alpha units'><div class='post-entry post-entry-type-page post-entry-6403'><div class='entry-content-wrapper clearfix'>\n<section class=\"av_textblock_section \"  itemscope=\"itemscope\" itemtype=\"https:\/\/schema.org\/CreativeWork\" ><div class='avia_textblock  '   itemprop=\"text\" ><h1><span style=\"color: #000000;\">PARTENAIRES 2021<\/span><\/h1>\n<\/div><\/section>\n<div   class='hr hr-default   avia-builder-el-3  el_after_av_textblock  el_before_av_textblock '><span class='hr-inner ' ><span class='hr-inner-style'><\/span><\/span><\/div>\n<section class=\"av_textblock_section \"  itemscope=\"itemscope\" itemtype=\"https:\/\/schema.org\/CreativeWork\" ><div class='avia_textblock  '   itemprop=\"text\" ><h3><span style=\"color: #000000;\">PARTENAIRES INSTITUTIONNELS<br \/>\n<\/span><\/h3>\n<\/div><\/section>\n<div   data-autoplay='false'  data-interval='5'  data-animation='slide'  class='avia-logo-element-container av-border-deactivate avia-logo-grid avia-content-slider avia-smallarrow-slider avia-content-grid-active noHover avia-content-slider1 avia-content-slider-even  avia-builder-el-5  el_after_av_textblock  el_before_av_hr  ' ><div class='avia-smallarrow-slider-heading  no-logo-slider-heading '><div class='new-special-heading'>&nbsp;<\/div><\/div><div class='avia-content-slider-inner'><div class='slide-entry-wrap' ><div  class='slide-entry flex_column no_margin post-entry slide-entry-overview slide-loop-1 slide-parity-odd  av_one_sixth first real-thumbnail'><a href='https:\/\/www.culture.gouv.fr\/' data-rel='slide-1' class='slide-image' title='' target=\"_blank\" rel=\"noopener noreferrer\"><span class='av-partner-fake-img' style='padding-bottom:100%; background-image:url(https:\/\/ddessinparis.com\/2021\/wp-content\/uploads\/2020\/03\/Bloc-marque_culture_couleur-180x180.jpg);'><\/span><\/a><\/div><div  class='slide-entry flex_column no_margin post-entry slide-entry-overview slide-loop-2 slide-parity-even  av_one_sixth  real-thumbnail'><a href='http:\/\/www.institutfrancais-senegal.com\/' data-rel='slide-1' class='slide-image' title='' target=\"_blank\" rel=\"noopener noreferrer\"><span class='av-partner-fake-img' style='padding-bottom:100%; background-image:url(https:\/\/ddessinparis.com\/2021\/wp-content\/uploads\/2018\/02\/LOGO_IFS-180x180.png);'><\/span><\/a><\/div><div  class='slide-entry flex_column no_margin post-entry slide-entry-overview slide-loop-3 slide-parity-odd  post-entry-last  av_one_sixth  real-thumbnail'><a href='https:\/\/www.villandar.com\/' data-rel='slide-1' class='slide-image' title='' target=\"_blank\" rel=\"noopener noreferrer\"><span class='av-partner-fake-img' style='padding-bottom:100%; background-image:url(https:\/\/ddessinparis.com\/2021\/wp-content\/uploads\/2020\/01\/LOGO_Villa_STLOUIS-180x180.png);'><\/span><\/a><\/div><\/div><\/div><\/div>\n<div  style='height:40px' class='hr hr-invisible   avia-builder-el-6  el_after_av_partner  el_before_av_textblock '><span class='hr-inner ' ><span class='hr-inner-style'><\/span><\/span><\/div>\n<section class=\"av_textblock_section \"  itemscope=\"itemscope\" itemtype=\"https:\/\/schema.org\/CreativeWork\" ><div class='avia_textblock  '   itemprop=\"text\" ><h3><span style=\"color: #000000;\">PARTENAIRES<br \/>\n<\/span><\/h3>\n<\/div><\/section>\n<div   data-autoplay='false'  data-interval='5'  data-animation='slide'  class='avia-logo-element-container av-border-deactivate avia-logo-grid avia-content-slider avia-smallarrow-slider avia-content-grid-active noHover avia-content-slider2 avia-content-slider-even  avia-builder-el-8  el_after_av_textblock  el_before_av_textblock  ' ><div class='avia-smallarrow-slider-heading  no-logo-slider-heading '><div class='new-special-heading'>&nbsp;<\/div><\/div><div class='avia-content-slider-inner'><div class='slide-entry-wrap' ><div  class='slide-entry flex_column no_margin post-entry slide-entry-overview slide-loop-1 slide-parity-odd  av_one_sixth first real-thumbnail'><a href='http:\/\/www.art-collector.fr\/' data-rel='slide-2' class='slide-image' title='' target=\"_blank\" rel=\"noopener noreferrer\"><img width=\"180\" height=\"180\" src=\"https:\/\/ddessinparis.com\/2021\/wp-content\/uploads\/2013\/12\/logoartcollector2-180x180.jpg\" class=\"wp-image-2871 avia-img-lazy-loading-2871 attachment-square size-square\" alt=\"\" loading=\"lazy\" srcset=\"https:\/\/ddessinparis.com\/2021\/wp-content\/uploads\/2013\/12\/logoartcollector2-180x180.jpg 180w, https:\/\/ddessinparis.com\/2021\/wp-content\/uploads\/2013\/12\/logoartcollector2-80x80.jpg 80w, https:\/\/ddessinparis.com\/2021\/wp-content\/uploads\/2013\/12\/logoartcollector2-300x300.jpg 300w, https:\/\/ddessinparis.com\/2021\/wp-content\/uploads\/2013\/12\/logoartcollector2-36x36.jpg 36w, https:\/\/ddessinparis.com\/2021\/wp-content\/uploads\/2013\/12\/logoartcollector2-120x120.jpg 120w, https:\/\/ddessinparis.com\/2021\/wp-content\/uploads\/2013\/12\/logoartcollector2-450x450.jpg 450w, https:\/\/ddessinparis.com\/2021\/wp-content\/uploads\/2013\/12\/logoartcollector2.jpg 600w\" sizes=\"(max-width: 180px) 100vw, 180px\" \/><\/a><\/div><div  class='slide-entry flex_column no_margin post-entry slide-entry-overview slide-loop-2 slide-parity-even  av_one_sixth  real-thumbnail'><a href='https:\/\/www.quartier-art-drouot.com\/' data-rel='slide-2' class='slide-image' title='' target=\"_blank\" rel=\"noopener noreferrer\"><img width=\"180\" height=\"180\" src=\"https:\/\/ddessinparis.com\/2021\/wp-content\/uploads\/2021\/05\/LOGO_QAD_web-180x180.jpg\" class=\"wp-image-7157 avia-img-lazy-loading-7157 attachment-square size-square\" alt=\"\" loading=\"lazy\" srcset=\"https:\/\/ddessinparis.com\/2021\/wp-content\/uploads\/2021\/05\/LOGO_QAD_web-180x180.jpg 180w, https:\/\/ddessinparis.com\/2021\/wp-content\/uploads\/2021\/05\/LOGO_QAD_web-300x300.jpg 300w, https:\/\/ddessinparis.com\/2021\/wp-content\/uploads\/2021\/05\/LOGO_QAD_web-80x80.jpg 80w, https:\/\/ddessinparis.com\/2021\/wp-content\/uploads\/2021\/05\/LOGO_QAD_web-36x36.jpg 36w, https:\/\/ddessinparis.com\/2021\/wp-content\/uploads\/2021\/05\/LOGO_QAD_web.jpg 526w\" sizes=\"(max-width: 180px) 100vw, 180px\" \/><\/a><\/div><div  class='slide-entry flex_column no_margin post-entry slide-entry-overview slide-loop-3 slide-parity-odd  post-entry-last  av_one_sixth  real-thumbnail'><a href='https:\/\/legrenierasel-avignon.fr\/' data-rel='slide-2' class='slide-image' title='' target=\"_blank\" rel=\"noopener noreferrer\"><img width=\"180\" height=\"180\" src=\"https:\/\/ddessinparis.com\/2021\/wp-content\/uploads\/2021\/05\/LOGO_Grenier_a_sel_web-180x180.jpg\" class=\"wp-image-7158 avia-img-lazy-loading-7158 attachment-square size-square\" alt=\"\" loading=\"lazy\" srcset=\"https:\/\/ddessinparis.com\/2021\/wp-content\/uploads\/2021\/05\/LOGO_Grenier_a_sel_web-180x180.jpg 180w, https:\/\/ddessinparis.com\/2021\/wp-content\/uploads\/2021\/05\/LOGO_Grenier_a_sel_web-300x300.jpg 300w, https:\/\/ddessinparis.com\/2021\/wp-content\/uploads\/2021\/05\/LOGO_Grenier_a_sel_web-80x80.jpg 80w, https:\/\/ddessinparis.com\/2021\/wp-content\/uploads\/2021\/05\/LOGO_Grenier_a_sel_web-36x36.jpg 36w, https:\/\/ddessinparis.com\/2021\/wp-content\/uploads\/2021\/05\/LOGO_Grenier_a_sel_web.jpg 526w\" sizes=\"(max-width: 180px) 100vw, 180px\" \/><\/a><\/div><\/div><\/div><\/div>\n<section class=\"av_textblock_section \"  itemscope=\"itemscope\" itemtype=\"https:\/\/schema.org\/CreativeWork\" ><div class='avia_textblock  '   itemprop=\"text\" ><h3><span style=\"color: #000000;\">PARTENAIRES M\u00c9DIAS<\/span><\/h3>\n<\/div><\/section>\n<div   data-autoplay='false'  data-interval='5'  data-animation='slide'  class='avia-logo-element-container av-border-deactivate avia-logo-grid avia-content-slider avia-smallarrow-slider avia-content-grid-active noHover avia-content-slider3 avia-content-slider-even  avia-builder-el-10  el_after_av_textblock  el_before_av_textblock  ' ><div class='avia-smallarrow-slider-heading  no-logo-slider-heading '><div class='new-special-heading'>&nbsp;<\/div><\/div><div class='avia-content-slider-inner'><div class='slide-entry-wrap' ><div  class='slide-entry flex_column no_margin post-entry slide-entry-overview slide-loop-1 slide-parity-odd  av_one_sixth first real-thumbnail'><a href='http:\/\/artshebdomedias.com\/' data-rel='slide-3' class='slide-image' title='' target=\"_blank\" rel=\"noopener noreferrer\"><img width=\"180\" height=\"180\" src=\"https:\/\/ddessinparis.com\/2021\/wp-content\/uploads\/2019\/01\/LOGO_AHM-180x180.png\" class=\"wp-image-6060 avia-img-lazy-loading-6060 attachment-square size-square\" alt=\"\" loading=\"lazy\" srcset=\"https:\/\/ddessinparis.com\/2021\/wp-content\/uploads\/2019\/01\/LOGO_AHM-180x180.png 180w, https:\/\/ddessinparis.com\/2021\/wp-content\/uploads\/2019\/01\/LOGO_AHM-80x80.png 80w, https:\/\/ddessinparis.com\/2021\/wp-content\/uploads\/2019\/01\/LOGO_AHM-300x300.png 300w, https:\/\/ddessinparis.com\/2021\/wp-content\/uploads\/2019\/01\/LOGO_AHM-36x36.png 36w, https:\/\/ddessinparis.com\/2021\/wp-content\/uploads\/2019\/01\/LOGO_AHM-120x120.png 120w, https:\/\/ddessinparis.com\/2021\/wp-content\/uploads\/2019\/01\/LOGO_AHM-450x450.png 450w, https:\/\/ddessinparis.com\/2021\/wp-content\/uploads\/2019\/01\/LOGO_AHM.png 526w\" sizes=\"(max-width: 180px) 100vw, 180px\" \/><\/a><\/div><div  class='slide-entry flex_column no_margin post-entry slide-entry-overview slide-loop-2 slide-parity-even  av_one_sixth  real-thumbnail'><a href='http:\/\/www.artabsolument.com\/fr' data-rel='slide-3' class='slide-image' title='' target=\"_blank\" rel=\"noopener noreferrer\"><img width=\"180\" height=\"180\" src=\"https:\/\/ddessinparis.com\/2021\/wp-content\/uploads\/2013\/04\/LOGO_art_absolument-180x180.png\" class=\"wp-image-5076 avia-img-lazy-loading-5076 attachment-square size-square\" alt=\"\" loading=\"lazy\" srcset=\"https:\/\/ddessinparis.com\/2021\/wp-content\/uploads\/2013\/04\/LOGO_art_absolument-180x180.png 180w, https:\/\/ddessinparis.com\/2021\/wp-content\/uploads\/2013\/04\/LOGO_art_absolument-80x80.png 80w, https:\/\/ddessinparis.com\/2021\/wp-content\/uploads\/2013\/04\/LOGO_art_absolument-300x300.png 300w, https:\/\/ddessinparis.com\/2021\/wp-content\/uploads\/2013\/04\/LOGO_art_absolument-36x36.png 36w, https:\/\/ddessinparis.com\/2021\/wp-content\/uploads\/2013\/04\/LOGO_art_absolument-120x120.png 120w, https:\/\/ddessinparis.com\/2021\/wp-content\/uploads\/2013\/04\/LOGO_art_absolument-450x450.png 450w, https:\/\/ddessinparis.com\/2021\/wp-content\/uploads\/2013\/04\/LOGO_art_absolument.png 526w\" sizes=\"(max-width: 180px) 100vw, 180px\" \/><\/a><\/div><div  class='slide-entry flex_column no_margin post-entry slide-entry-overview slide-loop-3 slide-parity-odd  av_one_sixth  real-thumbnail'><a href='https:\/\/www.liberation.fr\/' data-rel='slide-3' class='slide-image' title='' target=\"_blank\" rel=\"noopener noreferrer\"><img width=\"180\" height=\"180\" src=\"https:\/\/ddessinparis.com\/2021\/wp-content\/uploads\/2020\/02\/Logo-libe-180x180.jpg\" class=\"wp-image-6703 avia-img-lazy-loading-6703 attachment-square size-square\" alt=\"\" loading=\"lazy\" srcset=\"https:\/\/ddessinparis.com\/2021\/wp-content\/uploads\/2020\/02\/Logo-libe-180x180.jpg 180w, https:\/\/ddessinparis.com\/2021\/wp-content\/uploads\/2020\/02\/Logo-libe-80x80.jpg 80w, https:\/\/ddessinparis.com\/2021\/wp-content\/uploads\/2020\/02\/Logo-libe-300x300.jpg 300w, https:\/\/ddessinparis.com\/2021\/wp-content\/uploads\/2020\/02\/Logo-libe-36x36.jpg 36w, https:\/\/ddessinparis.com\/2021\/wp-content\/uploads\/2020\/02\/Logo-libe.jpg 400w, https:\/\/ddessinparis.com\/2021\/wp-content\/uploads\/2020\/02\/Logo-libe-120x120.jpg 120w\" sizes=\"(max-width: 180px) 100vw, 180px\" \/><\/a><\/div><div  class='slide-entry flex_column no_margin post-entry slide-entry-overview slide-loop-4 slide-parity-even  av_one_sixth  real-thumbnail'><a href='https:\/\/theartmomentum.com\/' data-rel='slide-3' class='slide-image' title='' target=\"_blank\" rel=\"noopener noreferrer\"><img width=\"180\" height=\"180\" src=\"https:\/\/ddessinparis.com\/2021\/wp-content\/uploads\/2020\/01\/logo_art-momentum-180x180.jpg\" class=\"wp-image-6416 avia-img-lazy-loading-6416 attachment-square size-square\" alt=\"\" loading=\"lazy\" srcset=\"https:\/\/ddessinparis.com\/2021\/wp-content\/uploads\/2020\/01\/logo_art-momentum-180x180.jpg 180w, https:\/\/ddessinparis.com\/2021\/wp-content\/uploads\/2020\/01\/logo_art-momentum-80x80.jpg 80w, https:\/\/ddessinparis.com\/2021\/wp-content\/uploads\/2020\/01\/logo_art-momentum-300x300.jpg 300w, https:\/\/ddessinparis.com\/2021\/wp-content\/uploads\/2020\/01\/logo_art-momentum-768x768.jpg 768w, https:\/\/ddessinparis.com\/2021\/wp-content\/uploads\/2020\/01\/logo_art-momentum-36x36.jpg 36w, https:\/\/ddessinparis.com\/2021\/wp-content\/uploads\/2020\/01\/logo_art-momentum-705x705.jpg 705w, https:\/\/ddessinparis.com\/2021\/wp-content\/uploads\/2020\/01\/logo_art-momentum-120x120.jpg 120w, https:\/\/ddessinparis.com\/2021\/wp-content\/uploads\/2020\/01\/logo_art-momentum-450x450.jpg 450w, https:\/\/ddessinparis.com\/2021\/wp-content\/uploads\/2020\/01\/logo_art-momentum.jpg 821w\" sizes=\"(max-width: 180px) 100vw, 180px\" \/><\/a><\/div><div  class='slide-entry flex_column no_margin post-entry slide-entry-overview slide-loop-5 slide-parity-odd  av_one_sixth  real-thumbnail'><a href='https:\/\/www.lequotidiendelart.com\/' data-rel='slide-3' class='slide-image' title='' target=\"_blank\" rel=\"noopener noreferrer\"><img width=\"180\" height=\"180\" src=\"https:\/\/ddessinparis.com\/2021\/wp-content\/uploads\/2019\/03\/LOGO_quotidien_art-180x180.jpg\" class=\"wp-image-6305 avia-img-lazy-loading-6305 attachment-square size-square\" alt=\"\" loading=\"lazy\" srcset=\"https:\/\/ddessinparis.com\/2021\/wp-content\/uploads\/2019\/03\/LOGO_quotidien_art-180x180.jpg 180w, https:\/\/ddessinparis.com\/2021\/wp-content\/uploads\/2019\/03\/LOGO_quotidien_art-80x80.jpg 80w, https:\/\/ddessinparis.com\/2021\/wp-content\/uploads\/2019\/03\/LOGO_quotidien_art-300x300.jpg 300w, https:\/\/ddessinparis.com\/2021\/wp-content\/uploads\/2019\/03\/LOGO_quotidien_art-36x36.jpg 36w, https:\/\/ddessinparis.com\/2021\/wp-content\/uploads\/2019\/03\/LOGO_quotidien_art-120x120.jpg 120w, https:\/\/ddessinparis.com\/2021\/wp-content\/uploads\/2019\/03\/LOGO_quotidien_art-450x450.jpg 450w, https:\/\/ddessinparis.com\/2021\/wp-content\/uploads\/2019\/03\/LOGO_quotidien_art.jpg 526w\" sizes=\"(max-width: 180px) 100vw, 180px\" \/><\/a><\/div><div  class='slide-entry flex_column no_margin post-entry slide-entry-overview slide-loop-6 slide-parity-even  post-entry-last  av_one_sixth  real-thumbnail'><a href='https:\/\/www.artistikrezo.com\/' data-rel='slide-3' class='slide-image' title='' target=\"_blank\" rel=\"noopener noreferrer\"><img width=\"180\" height=\"180\" src=\"https:\/\/ddessinparis.com\/2021\/wp-content\/uploads\/2020\/01\/LOGO_Artistik_Rezo-180x180.png\" class=\"wp-image-6409 avia-img-lazy-loading-6409 attachment-square size-square\" alt=\"\" loading=\"lazy\" srcset=\"https:\/\/ddessinparis.com\/2021\/wp-content\/uploads\/2020\/01\/LOGO_Artistik_Rezo-180x180.png 180w, https:\/\/ddessinparis.com\/2021\/wp-content\/uploads\/2020\/01\/LOGO_Artistik_Rezo-80x80.png 80w, https:\/\/ddessinparis.com\/2021\/wp-content\/uploads\/2020\/01\/LOGO_Artistik_Rezo-300x300.png 300w, https:\/\/ddessinparis.com\/2021\/wp-content\/uploads\/2020\/01\/LOGO_Artistik_Rezo-36x36.png 36w, https:\/\/ddessinparis.com\/2021\/wp-content\/uploads\/2020\/01\/LOGO_Artistik_Rezo-120x120.png 120w, https:\/\/ddessinparis.com\/2021\/wp-content\/uploads\/2020\/01\/LOGO_Artistik_Rezo-450x450.png 450w, https:\/\/ddessinparis.com\/2021\/wp-content\/uploads\/2020\/01\/LOGO_Artistik_Rezo.png 526w\" sizes=\"(max-width: 180px) 100vw, 180px\" \/><\/a><\/div><\/div><\/div><\/div>\n<section class=\"av_textblock_section \"  itemscope=\"itemscope\" itemtype=\"https:\/\/schema.org\/CreativeWork\" ><div class='avia_textblock  '   itemprop=\"text\" ><h3><span style=\"color: #000000;\">PARTENAIRES COMMUNICATION<br \/>\n<\/span><\/h3>\n<\/div><\/section>\n<div   data-autoplay='false'  data-interval='5'  data-animation='slide'  class='avia-logo-element-container av-border-deactivate avia-logo-grid avia-content-slider avia-smallarrow-slider avia-content-grid-active noHover avia-content-slider4 avia-content-slider-even  avia-builder-el-12  el_after_av_textblock  avia-builder-el-last  ' ><div class='avia-smallarrow-slider-heading  no-logo-slider-heading '><div class='new-special-heading'>&nbsp;<\/div><\/div><div class='avia-content-slider-inner'><div class='slide-entry-wrap' ><div  class='slide-entry flex_column no_margin post-entry slide-entry-overview slide-loop-1 slide-parity-odd  post-entry-last  av_one_sixth first real-thumbnail'><a href='http:\/\/www.studio-batignolles.com\/studio-batignolles\/' data-rel='slide-4' class='slide-image' title='' target=\"_blank\" rel=\"noopener noreferrer\"><img width=\"180\" height=\"180\" src=\"https:\/\/ddessinparis.com\/2021\/wp-content\/uploads\/2015\/01\/LOGO_SB1-180x180.jpg\" class=\"wp-image-3922 avia-img-lazy-loading-3922 attachment-square size-square\" alt=\"\" loading=\"lazy\" srcset=\"https:\/\/ddessinparis.com\/2021\/wp-content\/uploads\/2015\/01\/LOGO_SB1-180x180.jpg 180w, https:\/\/ddessinparis.com\/2021\/wp-content\/uploads\/2015\/01\/LOGO_SB1-80x80.jpg 80w, https:\/\/ddessinparis.com\/2021\/wp-content\/uploads\/2015\/01\/LOGO_SB1-300x300.jpg 300w, https:\/\/ddessinparis.com\/2021\/wp-content\/uploads\/2015\/01\/LOGO_SB1-36x36.jpg 36w, https:\/\/ddessinparis.com\/2021\/wp-content\/uploads\/2015\/01\/LOGO_SB1-120x120.jpg 120w, https:\/\/ddessinparis.com\/2021\/wp-content\/uploads\/2015\/01\/LOGO_SB1-450x450.jpg 450w, https:\/\/ddessinparis.com\/2021\/wp-content\/uploads\/2015\/01\/LOGO_SB1.jpg 526w\" sizes=\"(max-width: 180px) 100vw, 180px\" \/><\/a><\/div><\/div><\/div><\/div>\n<\/div><\/div><\/div><!-- close content main div --><\/div><\/div><div id='after_section_2'  class='main_color av_default_container_wrap container_wrap sidebar_right' style=' '  ><div class='container' ><div class='template-page content  av-content-small alpha units'><div class='post-entry post-entry-type-page post-entry-6403'><div class='entry-content-wrapper clearfix'><div class=\"flex_column av_one_third  flex_column_div first  avia-builder-el-13  el_after_av_section  el_before_av_two_third  avia-builder-el-first  \" ><div  class='avia-button-wrap avia-button-center  avia-builder-el-14  avia-builder-el-no-sibling ' ><a href='https:\/\/ddessinparis.com\/2021\/contacts-2\/'  class='avia-button   avia-icon_select-yes-left-icon avia-size-large avia-position-center '  target=\"_blank\"  rel=\"noopener noreferrer\" style='background-color:#49bdfa; border-color:#49bdfa; color:#ffffff; ' ><span class='avia_button_icon avia_button_icon_left ' aria-hidden='true' data-av_icon='\ue805' data-av_iconfont='entypo-fontello'><\/span><span class='avia_iconbox_title' >DEVENIR PARTENAIRE<\/span><\/a><\/div><\/div><\/p>\n<div class=\"flex_column av_two_third  flex_column_div av-zero-column-padding   avia-builder-el-15  el_after_av_one_third  avia-builder-el-last  \" style='border-radius:0px; '><section class=\"av_textblock_section \"  itemscope=\"itemscope\" itemtype=\"https:\/\/schema.org\/CreativeWork\" ><div class='avia_textblock  '   itemprop=\"text\" ><p>\u2022 L&#8217;\u00e9dition 2020 de DDESSIN a accueilli plus de 5000 personnes venues du monde de l\u2019Art, de la culture et de la cr\u00e9ation contemporaine.<\/p>\n<p>\u2022 Le salon DDESSIN repr\u00e9sente pour les partenaires une\u00a0opportunit\u00e9 unique de visibilit\u00e9 et de rencontres avec les\u00a0diff\u00e9rents acteurs de l\u2019\u00e9v\u00e9nement, tous issus d\u2019un\u00a0environnement de curieux et d\u2019initi\u00e9s sensibles \u00e0 la r\u00e9alit\u00e9\u00a0du dessin et de sa repr\u00e9sentation contemporaine,\u00a0collectionneurs, professionnels du march\u00e9, amateurs d\u2019art,\u00a0journalistes ou encore visiteurs attir\u00e9s par ce m\u00e9dium en\u00a0plein essor.<\/p>\n<\/div><\/section><\/div>\n","protected":false},"excerpt":{"rendered":"","protected":false},"author":1,"featured_media":0,"parent":0,"menu_order":0,"comment_status":"closed","ping_status":"closed","template":"","meta":[],"_links":{"self":[{"href":"https:\/\/ddessinparis.com\/2021\/wp-json\/wp\/v2\/pages\/6403"}],"collection":[{"href":"https:\/\/ddessinparis.com\/2021\/wp-json\/wp\/v2\/pages"}],"about":[{"href":"https:\/\/ddessinparis.com\/2021\/wp-json\/wp\/v2\/types\/page"}],"author":[{"embeddable":true,"href":"https:\/\/ddessinparis.com\/2021\/wp-json\/wp\/v2\/users\/1"}],"replies":[{"embeddable":true,"href":"https:\/\/ddessinparis.com\/2021\/wp-json\/wp\/v2\/comments?post=6403"}],"version-history":[{"count":30,"href":"https:\/\/ddessinparis.com\/2021\/wp-json\/wp\/v2\/pages\/6403\/revisions"}],"predecessor-version":[{"id":7221,"href":"https:\/\/ddessinparis.com\/2021\/wp-json\/wp\/v2\/pages\/6403\/revisions\/7221"}],"wp:attachment":[{"href":"https:\/\/ddessinparis.com\/2021\/wp-json\/wp\/v2\/media?parent=6403"}],"curies":[{"name":"wp","href":"https:\/\/api.w.org\/{rel}","templated":true}]}}