{"id":4573,"date":"2016-02-16T11:12:05","date_gmt":"2016-02-16T11:12:05","guid":{"rendered":"http:\/\/www.ddessinparis.fr\/2016\/?page_id=4573"},"modified":"2022-04-28T17:25:15","modified_gmt":"2022-04-28T17:25:15","slug":"coup-de-coeur-2022","status":"publish","type":"page","link":"https:\/\/ddessinparis.com\/2022\/coup-de-coeur-2022\/","title":{"rendered":"Coup de C\u0153ur 2022"},"content":{"rendered":"<div id='full_slider_1'  class='avia-fullwidth-slider main_color avia-shadow   avia-builder-el-0  el_before_av_section  avia-builder-el-first   container_wrap sidebar_right'  ><div   data-size='featured'  data-lightbox_size='large'  data-animation='slide'  data-conditional_play=''  data-ids='7426'  data-video_counter='0'  data-autoplay='false'  data-bg_slider='false'  data-slide_height=''  data-handle='av_slideshow_full'  data-interval='5'  data-class=' '  data-el_id=''  data-css_id=''  data-scroll_down=''  data-control_layout='av-control-default'  data-custom_markup=''  data-perma_caption=''  data-autoplay_stopper=''  data-image_attachment=''  data-min_height='0px'  data-lazy_loading='disabled'  data-src=''  data-position='top left'  data-repeat='no-repeat'  data-attach='scroll'  data-stretch=''  data-img_scrset=''  data-default-height='28.666666666667'  class='avia-slideshow avia-slideshow-1  av-control-default av-default-height-applied avia-slideshow-featured av_slideshow_full   avia-slide-slider '  itemprop=\"image\" itemscope=\"itemscope\" itemtype=\"https:\/\/schema.org\/ImageObject\" ><ul class='avia-slideshow-inner ' style='padding-bottom: 28.666666666667%;' ><li  class=' av-single-slide slide-1 ' ><div data-rel='slideshow-1' class='avia-slide-wrap '   ><div class = \"caption_fullwidth av-slideshow-caption caption_bottom caption_bottom_framed caption_framed\"><div class = \"container caption_container\"><div class = \"slideshow_caption\"><div class = \"slideshow_inner_caption\"><div class = \"slideshow_align_caption\"><h2  class='avia-caption-title  '  itemprop=\"name\" >Coup de c\u0153ur DDESSIN 2022 \/ Catherine Burki<\/h2><div class='avia-caption-content  '  itemprop=\"description\"  ><p>Catherine Burki, Territoires et transitions &#8211; livre.2 et 3 (de\u0301tail), 2022, feutre a\u0300 pointe fine sur papier de\u0301coupe\u0301, 17 x 250 cm, courtesy de l\u2019artiste<\/p>\n<\/div><\/div><\/div><\/div><\/div><\/div><img class=\"wp-image-7426 avia-img-lazy-loading-not-7426\"  src=\"https:\/\/ddessinparis.com\/2022\/wp-content\/uploads\/2022\/04\/Catherine_Burki_Territoires_et_transitions_-_livre-1500x430.jpg\" width=\"1500\" height=\"430\" title='Catherine_Burki_Territoires_et_transitions_-_livre' alt=''  itemprop=\"thumbnailUrl\"   \/><\/div><\/li><\/ul><\/div><\/div>\n<div id='av_section_1'  class='avia-section av-dn6hvx-020670bb5ba8705cd9fd915f1800e600 alternate_color avia-section-default avia-no-shadow  avia-builder-el-1  el_after_av_slideshow_full  el_before_av_section  avia-bg-style-scroll  container_wrap sidebar_right'  ><div class='container av-section-cont-open' ><div class='template-page content  av-content-small alpha units'><div class='post-entry post-entry-type-page post-entry-4573'><div class='entry-content-wrapper clearfix'>\n\n<style type=\"text\/css\" data-created_by=\"avia_inline_auto\" id=\"style-css-av-btltbh-f548a8bf2e4cc74eff087fbd0bad8237\">\n.flex_column.av-btltbh-f548a8bf2e4cc74eff087fbd0bad8237{\nborder-radius:0px 0px 0px 0px;\n-webkit-border-radius:0px 0px 0px 0px;\n-moz-border-radius:0px 0px 0px 0px;\nbackground:url(https:\/\/ddessinparis.com\/2022\/wp-content\/uploads\/2022\/04\/Catherine_Burki_Territoires_et_transitions_-_Feuillet-1030x1024.jpg) 0% 0% no-repeat scroll ;\n}\n<\/style>\n<div class='flex_column av-btltbh-f548a8bf2e4cc74eff087fbd0bad8237 av_one_third  avia-builder-el-2  el_before_av_two_third  avia-builder-el-first  first flex_column_div av-zero-column-padding '   ><style type=\"text\/css\" data-created_by=\"avia_inline_auto\" id=\"style-css-av-3r4n1-86525e847526af977b73fb95af862738\">\n.avia-image-container.av-3r4n1-86525e847526af977b73fb95af862738 .av-caption-image-overlay-bg{\nopacity:0.4;\nbackground-color:#000000;\n}\n.avia-image-container.av-3r4n1-86525e847526af977b73fb95af862738 .av-image-caption-overlay-center{\ncolor:#ffffff;\nfont-size:12px;\n}\n<\/style>\n<div  class='avia-image-container av-3r4n1-86525e847526af977b73fb95af862738 av-styling- avia-align-center  avia-builder-el-3  avia-builder-el-no-sibling  noHover av-overlay-on-hover '  itemprop=\"image\" itemscope=\"itemscope\" itemtype=\"https:\/\/schema.org\/ImageObject\" ><div class=\"avia-image-container-inner\"><div class=\"avia-image-overlay-wrap\"><a href=\"https:\/\/ddessinparis.com\/2022\/wp-content\/uploads\/2022\/04\/Catherine_Burki_Territoires_et_transitions_-_Feuillet-1030x1024.jpg\" data-srcset=\"https:\/\/ddessinparis.com\/2022\/wp-content\/uploads\/2022\/04\/Catherine_Burki_Territoires_et_transitions_-_Feuillet-1030x1024.jpg 1030w, https:\/\/ddessinparis.com\/2022\/wp-content\/uploads\/2022\/04\/Catherine_Burki_Territoires_et_transitions_-_Feuillet-300x298.jpg 300w, https:\/\/ddessinparis.com\/2022\/wp-content\/uploads\/2022\/04\/Catherine_Burki_Territoires_et_transitions_-_Feuillet-80x80.jpg 80w, https:\/\/ddessinparis.com\/2022\/wp-content\/uploads\/2022\/04\/Catherine_Burki_Territoires_et_transitions_-_Feuillet-768x763.jpg 768w, https:\/\/ddessinparis.com\/2022\/wp-content\/uploads\/2022\/04\/Catherine_Burki_Territoires_et_transitions_-_Feuillet-1536x1527.jpg 1536w, https:\/\/ddessinparis.com\/2022\/wp-content\/uploads\/2022\/04\/Catherine_Burki_Territoires_et_transitions_-_Feuillet-2048x2036.jpg 2048w, https:\/\/ddessinparis.com\/2022\/wp-content\/uploads\/2022\/04\/Catherine_Burki_Territoires_et_transitions_-_Feuillet-36x36.jpg 36w, https:\/\/ddessinparis.com\/2022\/wp-content\/uploads\/2022\/04\/Catherine_Burki_Territoires_et_transitions_-_Feuillet-180x180.jpg 180w, https:\/\/ddessinparis.com\/2022\/wp-content\/uploads\/2022\/04\/Catherine_Burki_Territoires_et_transitions_-_Feuillet-1500x1491.jpg 1500w, https:\/\/ddessinparis.com\/2022\/wp-content\/uploads\/2022\/04\/Catherine_Burki_Territoires_et_transitions_-_Feuillet-705x701.jpg 705w\" data-sizes=\"(max-width: 1030px) 100vw, 1030px\" class='avia_image' ><div class=\"av-image-caption-overlay\"><div class=\"av-caption-image-overlay-bg\"><\/div><div class=\"av-image-caption-overlay-position\"><div class=\"av-image-caption-overlay-center\"><p>Catherine Burki, Territoires et transitions &#8211; Feuillet.6, 2022, feutre a\u0300 pointe fine sur papiers de\u0301chire\u0301s, 30 x 30 cm, courtesy de l\u2019artiste<\/p>\n<\/div><\/div><\/div><img width=\"1030\" height=\"1024\" class='wp-image-7427 avia-img-lazy-loading-not-7427 avia_image' src=\"https:\/\/ddessinparis.com\/2022\/wp-content\/uploads\/2022\/04\/Catherine_Burki_Territoires_et_transitions_-_Feuillet-1030x1024.jpg\" alt='' title='Catherine_Burki_Territoires_et_transitions_-_Feuillet'  itemprop=\"thumbnailUrl\" srcset=\"https:\/\/ddessinparis.com\/2022\/wp-content\/uploads\/2022\/04\/Catherine_Burki_Territoires_et_transitions_-_Feuillet-1030x1024.jpg 1030w, https:\/\/ddessinparis.com\/2022\/wp-content\/uploads\/2022\/04\/Catherine_Burki_Territoires_et_transitions_-_Feuillet-300x298.jpg 300w, https:\/\/ddessinparis.com\/2022\/wp-content\/uploads\/2022\/04\/Catherine_Burki_Territoires_et_transitions_-_Feuillet-80x80.jpg 80w, https:\/\/ddessinparis.com\/2022\/wp-content\/uploads\/2022\/04\/Catherine_Burki_Territoires_et_transitions_-_Feuillet-768x763.jpg 768w, https:\/\/ddessinparis.com\/2022\/wp-content\/uploads\/2022\/04\/Catherine_Burki_Territoires_et_transitions_-_Feuillet-1536x1527.jpg 1536w, https:\/\/ddessinparis.com\/2022\/wp-content\/uploads\/2022\/04\/Catherine_Burki_Territoires_et_transitions_-_Feuillet-2048x2036.jpg 2048w, https:\/\/ddessinparis.com\/2022\/wp-content\/uploads\/2022\/04\/Catherine_Burki_Territoires_et_transitions_-_Feuillet-36x36.jpg 36w, https:\/\/ddessinparis.com\/2022\/wp-content\/uploads\/2022\/04\/Catherine_Burki_Territoires_et_transitions_-_Feuillet-180x180.jpg 180w, https:\/\/ddessinparis.com\/2022\/wp-content\/uploads\/2022\/04\/Catherine_Burki_Territoires_et_transitions_-_Feuillet-1500x1491.jpg 1500w, https:\/\/ddessinparis.com\/2022\/wp-content\/uploads\/2022\/04\/Catherine_Burki_Territoires_et_transitions_-_Feuillet-705x701.jpg 705w\" sizes=\"(max-width: 1030px) 100vw, 1030px\" \/><\/a><\/div><\/div><\/div><\/div>\n<style type=\"text\/css\" data-created_by=\"avia_inline_auto\" id=\"style-css-av-802959-312a80f50921be3c042b22241c72a02a\">\n.flex_column.av-802959-312a80f50921be3c042b22241c72a02a{\nborder-radius:0px 0px 0px 0px;\n-webkit-border-radius:0px 0px 0px 0px;\n-moz-border-radius:0px 0px 0px 0px;\n}\n<\/style>\n<div class='flex_column av-802959-312a80f50921be3c042b22241c72a02a av_two_third  avia-builder-el-4  el_after_av_one_third  avia-builder-el-last  flex_column_div av-zero-column-padding '   ><section class=\"av_textblock_section \"  itemscope=\"itemscope\" itemtype=\"https:\/\/schema.org\/CreativeWork\" ><div class='avia_textblock  '   itemprop=\"text\" ><h3 style=\"text-align: justify;\"><strong><span style=\"color: #00ccff;\"><span style=\"font-size: 18pt;\">Catherine Burki<\/span><br \/>\n<\/span><\/strong><\/h3>\n<div>\n<div>\n<div>\n<h3><strong>Eve de Medeiros, fondatrice et directrice de DDESSINPARIS, a choisi pour le coup de c\u0153ur de la prochaine \u00e9dition de DDESSINPARIS {22} l\u2019artiste Catherine Burki.<\/strong><\/h3>\n<\/div>\n<\/div>\n<\/div>\n<\/div><\/section><br \/>\n<section class=\"av_textblock_section \"  itemscope=\"itemscope\" itemtype=\"https:\/\/schema.org\/CreativeWork\" ><div class='avia_textblock  '   itemprop=\"text\" ><p>Diplo\u0302me\u0301e du DNSEP en 2004 a\u0300 l\u2019E\u0301cole Supe\u0301rieure des Beaux-Arts de Marseille (esadmm), l\u2019artiste a v\u00e9cu trois ans, entre 2006 et 2009, a\u0300 Budapest. Elle a fait partie de l\u2019Association des jeunes artistes de Hongrie (FKSE). Elle vit et travaille \u00e0 Marseille depuis 2013.<\/p>\n<p><strong>Catherine Burki &#8211; Il est avantageux d\u2019avoir o\u00f9 aller, par Henri Guette, critique d\u2019art \u00a0\u00a0\u00a0\u00a0\u00a0 \u00a0\u00a0\u00a0\u00a0\u00a0\u00a0\u00a0 <\/strong><\/p>\n<p>Il est bien difficile de s\u00e9parer l\u2019origine de l\u2019\u00e9criture de celle du dessin. Ce qui les distingue, c\u2019est sans doute la capacit\u00e9 de d\u00e9chiffrement ; la capacit\u00e9 des signes de faire syst\u00e8me entre eux. Catherine Burki se pr\u00e9sente parfois comme une \u201c\u00e9crivain illettr\u00e9e\u201d en revenant au geste m\u00eame d\u2019inscrire sans se soucier de lettres ou d\u2019un code. Un t\u00e9moignage. L\u2019ensemble des tirets et des points, la place encore des blancs sur le papier laisse penser au morse mais sans tout \u00e0 fait en avoir la rigueur et surtout sans possibilit\u00e9 d\u2019\u00eatre traduite. Le simple t\u00e9moignage d\u2019une pr\u00e9sence. L\u2019\u00e9criture est un trait distinctif des civilisations s\u00e9dentaires ; d\u00e9velopp\u00e9e pour des raisons comptables, gestionnaires, elle s\u2019est ensuite et non sans m\u00e9fiance \u00e9tendue \u00e0 d\u2019autres usages. Catherine Burki dans sa s\u00e9rie <em>Territoires et transitions <\/em>reprend l\u2019id\u00e9e d\u2019un nomadisme, d\u2019un dessin qui chemine et peut \u00e9voquer par son trac\u00e9 une trajectoire. Le simple t\u00e9moignage d\u2019un passage.<\/p>\n<p>Une phrase n\u2019est jamais une ligne droite et dans les livres que propose Catherine Burki, on peut voir comme des cartes. Les embranchements qu\u2019elle propose loin d\u2019indiquer des routes ou des itin\u00e9raires \u00e0 suivre t\u00e9moignent davantage de flux et d\u2019\u00e9nergies. A la mani\u00e8re des cartes marines polyn\u00e9siennes, compos\u00e9es de coquillages, de bois, elles donnent des indications sur les forces qui traversent un territoire comme les courants ou la trajectoire des \u00e9toiles. Au travers de ses \u201cFeuillets\u201d et \u201cPoints de suspensions\u201d qui poursuivent la s\u00e9rie sur d\u2019autres formats, l\u2019artiste joue des strates et par le d\u00e9coupage et la superposition relie le temps et l\u2019espace. Dans la saturation des \u201cFeuillets\u201d, se lisent le bruit et le plein de passages pass\u00e9s comme dans un palimpseste, alors que dans la structure a\u00e9rienne des \u201cPoints de suspensions\u201d, les croisements, laissent la place au blanc, au futur et aux travers\u00e9es \u00e0 venir. Territoires et transitions \u00e9voquent souvent les oiseaux, animaux d\u2019augures, animaux d\u2019\u00e9critures ils ouvrent des espaces \u00e0 interpr\u00e9ter.<\/p>\n<\/div><\/section><\/p><\/div><\/div><\/div><\/div><!-- close content main div --><\/div><\/div>\n<style type=\"text\/css\" data-created_by=\"avia_inline_auto\" id=\"style-css-av-39vpl9-1b0ae5770e9aba7b245a6e90035e89dc\">\n.avia-section.av-39vpl9-1b0ae5770e9aba7b245a6e90035e89dc{\nbackground-repeat:no-repeat;\nbackground-image:url(https:\/\/ddessinparis.com\/2022\/wp-content\/uploads\/2022\/04\/Catherine_Burki_Territoires_et_transitions_-_livre2.jpg);\nbackground-position:50% 100%;\nbackground-attachment:scroll;\n}\n<\/style>\n<div id='av_section_2'  class='avia-section av-39vpl9-1b0ae5770e9aba7b245a6e90035e89dc main_color avia-section-default avia-no-shadow  avia-builder-el-7  el_after_av_section  avia-builder-el-last  avia-full-stretch avia-bg-style-scroll  av-minimum-height av-minimum-height-25  container_wrap sidebar_right'  data-section-bg-repeat='stretch' data-av_minimum_height_pc='25'><div class='container av-section-cont-open' ><div class='template-page content  av-content-small alpha units'><div class='post-entry post-entry-type-page post-entry-4573'><div class='entry-content-wrapper clearfix'><\/div><\/div><\/div><!-- close content main div --><\/div><\/div><div id='after_section_2'  class='main_color av_default_container_wrap container_wrap sidebar_right'  ><div class='container av-section-cont-open' ><div class='template-page content  av-content-small alpha units'><div class='post-entry post-entry-type-page post-entry-4573'><div class='entry-content-wrapper clearfix'><\/p>\n","protected":false},"excerpt":{"rendered":"","protected":false},"author":1,"featured_media":0,"parent":0,"menu_order":0,"comment_status":"closed","ping_status":"closed","template":"","meta":[],"_links":{"self":[{"href":"https:\/\/ddessinparis.com\/2022\/wp-json\/wp\/v2\/pages\/4573"}],"collection":[{"href":"https:\/\/ddessinparis.com\/2022\/wp-json\/wp\/v2\/pages"}],"about":[{"href":"https:\/\/ddessinparis.com\/2022\/wp-json\/wp\/v2\/types\/page"}],"author":[{"embeddable":true,"href":"https:\/\/ddessinparis.com\/2022\/wp-json\/wp\/v2\/users\/1"}],"replies":[{"embeddable":true,"href":"https:\/\/ddessinparis.com\/2022\/wp-json\/wp\/v2\/comments?post=4573"}],"version-history":[{"count":76,"href":"https:\/\/ddessinparis.com\/2022\/wp-json\/wp\/v2\/pages\/4573\/revisions"}],"predecessor-version":[{"id":7526,"href":"https:\/\/ddessinparis.com\/2022\/wp-json\/wp\/v2\/pages\/4573\/revisions\/7526"}],"wp:attachment":[{"href":"https:\/\/ddessinparis.com\/2022\/wp-json\/wp\/v2\/media?parent=4573"}],"curies":[{"name":"wp","href":"https:\/\/api.w.org\/{rel}","templated":true}]}}