{"id":2663,"date":"2013-11-14T16:08:30","date_gmt":"2013-11-14T16:08:30","guid":{"rendered":"http:\/\/ddessinparis.fr\/2015\/?page_id=2663"},"modified":"2022-07-31T15:37:58","modified_gmt":"2022-07-31T15:37:58","slug":"mentions_legales","status":"publish","type":"page","link":"https:\/\/ddessinparis.com\/2023\/mentions_legales\/","title":{"rendered":"MENTIONS LEGALES"},"content":{"rendered":"<div id='av_section_1'  class='avia-section av-7tyqfr-43400de08a0f304770c2d095f2fe36b5 main_color avia-section-default avia-no-shadow  avia-builder-el-0  el_before_av_section  avia-builder-el-first  avia-bg-style-scroll  container_wrap sidebar_right'  ><div class='container av-section-cont-open' ><main  role=\"main\" itemprop=\"mainContentOfPage\"  class='template-page content  av-content-small alpha units'><div class='post-entry post-entry-type-page post-entry-2663'><div class='entry-content-wrapper clearfix'>\n<\/div><\/div><\/main><!-- close content main element --><\/div><\/div>\n<style type=\"text\/css\" data-created_by=\"avia_inline_auto\" id=\"style-css-av-6ia4lj-d61107fcd1c6528b96d173168ea75b1e\">\n.avia-section.av-6ia4lj-d61107fcd1c6528b96d173168ea75b1e{\nbackground-color:#ffffff;\n}\n<\/style>\n<div id='av_section_2'  class='avia-section av-6ia4lj-d61107fcd1c6528b96d173168ea75b1e header_color avia-section-default avia-no-shadow  avia-builder-el-1  el_after_av_section  avia-builder-el-last  avia-bg-style-scroll  container_wrap sidebar_right'  ><div class='container av-section-cont-open' ><div class='template-page content  av-content-small alpha units'><div class='post-entry post-entry-type-page post-entry-2663'><div class='entry-content-wrapper clearfix'>\n<div class='flex_column av-45y2rb-f2a90bb16c3d6db48dcc050ef2e00ac7 av_two_third  avia-builder-el-2  avia-builder-el-no-sibling  first flex_column_div '   ><section class=\"av_textblock_section \"  itemscope=\"itemscope\" itemtype=\"https:\/\/schema.org\/CreativeWork\" ><div class='avia_textblock  '   itemprop=\"text\" ><h2 style=\"text-align: justify;\">Mentions l\u00e9gales<\/h2>\n<p style=\"text-align: justify;\">Le pr\u00e9sent site www.ddessinparis.com est \u00e9dit\u00e9 par la soci\u00e9t\u00e9 DDEvents, SARL au capital de 2 000 \u20ac immatricul\u00e9e au RC de Nanterre, le 14 f\u00e9vrier 2013 sous le num\u00e9ro 791 185 085 00010 et dont le si\u00e8ge social est sis au 53 RUE LIMAS 84000 AVIGNON.<\/p>\n<p style=\"text-align: justify;\"><strong>Directeur de la publication :<\/strong> Eve de Medeiros.<\/p>\n<p style=\"text-align: justify;\"><strong>H\u00e9bergeur :<\/strong> IONOS<\/p>\n<p style=\"text-align: justify;\">La soci\u00e9t\u00e9 DDEvents s\u2019efforce d\u2019assurer au mieux de ses possibilit\u00e9s, l\u2019exactitude et la mise \u00e0 jour des informations diffus\u00e9es sur ce site, ainsi que l\u2019acc\u00e8s \u00e0 ces informations. Toutefois, DDEvents d\u00e9cline toute responsabilit\u00e9 : pour toute interruption du site ;\u00a0dysfonctionnement du site ; pour toute inexactitude ou omission portant sur des informations disponibles sur le site ; pour tout dommage r\u00e9sultant d\u2019une intrusion frauduleuse d\u2019un tiers ayant entra\u00een\u00e9 une modification des informations diffus\u00e9es sur ce site ;\u00a0&#8211; et plus g\u00e9n\u00e9ralement, de tout dommage direct et indirect, quelles qu\u2019en soient les causes, origines, natures ou cons\u00e9quences, en ce compris notamment le\u00a0cr\u00e9dit accord\u00e9 \u00e0 une information provenant directement ou indirectement du site.<\/p>\n<p style=\"text-align: justify;\"><strong>Protection des donn\u00e9es personnelles<\/strong><\/p>\n<p style=\"text-align: justify;\">La soci\u00e9t\u00e9 DDEvents s\u2019engage \u00e0 pr\u00e9server la confidentialit\u00e9 des informations fournies en ligne par l\u2019internaute. Toute information personnelle que l\u2019internaute serait amen\u00e9 \u00e0 transmettre \u00e0 la soci\u00e9t\u00e9 DDEvents pour l\u2019utilisation de certains services est soumise aux dispositions de la loi n\u00b078-17 Informatique et Libert\u00e9s du 06 janvier 1978.<\/p>\n<p style=\"text-align: justify;\">A ce titre, l\u2019internaute dispose d\u2019un droit d\u2019acc\u00e8s, de rectification et de suppression des informations personnelles le concernant qu\u2019il peut exercer \u00e0 tout moment en adressant un courrier \u00e0 l\u2019adresse suivante :<\/p>\n<p style=\"text-align: justify;\"><strong>DDEvents<\/strong><br \/>\n53 RUE LIMAS<br \/>\n84000 AVIGNON<br \/>\nou un e-mail \u00e0 : contact@ddevents.com<\/p>\n<p style=\"text-align: justify;\">DD Events est amen\u00e9 \u00e0 vous demander des informations personnelles lorsque vous vous inscrivez \u00e0 notre newsletter.<\/p>\n<p style=\"text-align: justify;\">Conform\u00e9ment aux obligations l\u00e9gales nous conservons ces donn\u00e9s selon des dur\u00e9es limit\u00e9es dans le temps proportionnelles aux finalit\u00e9s pour lesquelles vous nous les avez communiqu\u00e9es. Ainsi, les donn\u00e9es communiqu\u00e9es dans le cadre de l\u2019inscription \u00e0 la\u00a0newsletter seront conserv\u00e9es jusqu\u2019\u00e0 d\u00e9sinscription de l\u2019internaute. Les donn\u00e9es collect\u00e9es le sont \u00e0 l\u2019usage exclusif de DDEvents<\/p>\n<p style=\"text-align: justify;\"><strong>Droits de propri\u00e9t\u00e9 intellectuelle<\/strong><\/p>\n<p style=\"text-align: justify;\">Tous les \u00e9l\u00e9ments pr\u00e9sents sur le site et le site en lui-m\u00eame sont prot\u00e9g\u00e9s par le droit d\u2019auteur, droit des marques, des dessins et mod\u00e8les et\/ou toute autre loi en vigueur. Ces \u00e9l\u00e9ments appartiennent \u00e0 la soci\u00e9t\u00e9 DDEvents ou bien sont utilis\u00e9s avec l\u2019accord de tiers\u00a0ayant autoris\u00e9 la soci\u00e9t\u00e9 DDEvents \u00e0 les exploiter. Ils ne peuvent \u00eatre utilis\u00e9s qu\u2019\u00e0 des fins priv\u00e9es, personnelles et non commerciales. Leur utilisation doit en outre se faire dans le respect des \u00e9l\u00e9ments reproduits. Ainsi, aucune modification ni alt\u00e9ration d\u2019aucune sorte ne peut leur \u00eatre apport\u00e9e. Toute utilisation \u00e0 des fins autres que celles \u00e9num\u00e9r\u00e9es ci-dessus doit se faire avec l\u2019autorisation pr\u00e9alable et \u00e9crite de la soci\u00e9t\u00e9 DDEvents.<\/p>\n<p style=\"text-align: justify;\">L\u2019utilisation du contenu du site en contravention avec ces prescriptions vaut contrefa\u00e7on au sens du Code de la propri\u00e9t\u00e9 intellectuelle.<\/p>\n<p style=\"text-align: justify;\"><strong>Liens <\/strong><\/p>\n<p style=\"text-align: justify;\">Ce site peut contenir des liens vers d\u2019autres sites web. Dans la mesure o\u00f9 la soci\u00e9t\u00e9 DD Events ne peut contr\u00f4ler ces sites et ces sources externes, elle ne peut \u00eatre tenue pour responsable des probl\u00e8mes d\u2019acc\u00e8s ou de contenu de ces sites. Par ailleurs, la soci\u00e9t\u00e9 DD Events se r\u00e9serve le droit d\u2019autoriser tout type de lien hypertexte simple ou profond et de r\u00e9f\u00e9rencement.<\/p>\n<p style=\"text-align: justify;\"><strong>Cr\u00e9dits\u2028\u2028<\/strong><\/p>\n<p style=\"text-align: justify;\">Le site www.ddessinparis.com est une r\u00e9alisation \u2028Studio-Batignolles Communication.<\/p>\n<p style=\"text-align: justify;\"><a title=\"studio-batignolles\" href=\"http:\/\/www.studio-batignolles.com\/studio-batignolles\"><img loading=\"lazy\" decoding=\"async\" class=\"alignnone size-full wp-image-2664\" src=\"http:\/\/s867460963.onlinehome.fr\/2021\/wp-content\/uploads\/2013\/11\/logosbmail.png\" alt=\"logosbmail\" width=\"250\" height=\"65\" \/><\/a><\/p>\n<\/div><\/section><\/div><\/div><\/div><\/div><!-- close content main div --><\/div><\/div><div id='after_section_2'  class='main_color av_default_container_wrap container_wrap sidebar_right'  ><div class='container av-section-cont-open' ><div class='template-page content  av-content-small alpha units'><div class='post-entry post-entry-type-page post-entry-2663'><div class='entry-content-wrapper clearfix'>\n","protected":false},"excerpt":{"rendered":"","protected":false},"author":1,"featured_media":0,"parent":0,"menu_order":0,"comment_status":"closed","ping_status":"closed","template":"","meta":{"footnotes":""},"_links":{"self":[{"href":"https:\/\/ddessinparis.com\/2023\/wp-json\/wp\/v2\/pages\/2663"}],"collection":[{"href":"https:\/\/ddessinparis.com\/2023\/wp-json\/wp\/v2\/pages"}],"about":[{"href":"https:\/\/ddessinparis.com\/2023\/wp-json\/wp\/v2\/types\/page"}],"author":[{"embeddable":true,"href":"https:\/\/ddessinparis.com\/2023\/wp-json\/wp\/v2\/users\/1"}],"replies":[{"embeddable":true,"href":"https:\/\/ddessinparis.com\/2023\/wp-json\/wp\/v2\/comments?post=2663"}],"version-history":[{"count":12,"href":"https:\/\/ddessinparis.com\/2023\/wp-json\/wp\/v2\/pages\/2663\/revisions"}],"predecessor-version":[{"id":7616,"href":"https:\/\/ddessinparis.com\/2023\/wp-json\/wp\/v2\/pages\/2663\/revisions\/7616"}],"wp:attachment":[{"href":"https:\/\/ddessinparis.com\/2023\/wp-json\/wp\/v2\/media?parent=2663"}],"curies":[{"name":"wp","href":"https:\/\/api.w.org\/{rel}","templated":true}]}}